00?
-a2801
In base 6, what is 2554 + -43?
2511
In base 12, what is -7599 + 6b?
-752a
In base 2, what is 10001 - 1101101?
-1011100
In base 4, what is -12203303 - -2?
-12203301
In base 14, what is 3 + 10a313?
10a316
In base 11, what is -13 + -2561?
-2574
In base 10, what is 8736 + -24?
8712
In base 10, what is 11174 - 0?
11174
In base 8, what is -65261 + 31?
-65230
In base 13, what is -8 + 3649?
3641
In base 6, what is 25304531 - -3?
25304534
In base 13, what is -118691 - -3?
-11868b
In base 16, what is -7 - -36169?
36162
In base 10, what is -5 + 2645?
2640
In base 8, what is 3 - -13571?
13574
In base 11, what is 61 + -255?
-1a4
In base 2, what is 1111100010111 + 1000001010?
10000100100001
In base 2, what is 10010100 + 110000001001100?
110000011100000
In base 9, what is -1406786 + 5?
-1406781
In base 10, what is 1 - -34376?
34377
In base 5, what is 1002 + -2234401?
-2233344
In base 3, what is -2101202212 + -1002?
-2101210221
In base 15, what is -14c + -269?
-3b6
In base 12, what is -131 + 1285?
1154
In base 2, what is 111 - -111110100?
111111011
In base 3, what is -1 - 1112122011?
-1112122012
In base 12, what is -19 - -66b?
652
In base 15, what is -8 + 185b?
1853
In base 12, what is 14230 + 9a?
1430a
In base 15, what is -1a3 - 2d?
-1d1
In base 11, what is -30 - 239?
-269
In base 6, what is 41 - 13?
24
In base 16, what is -4f2f + 17?
-4f18
In base 15, what is -2 - 2e947?
-2e949
In base 9, what is 60567 + -23?
60544
In base 3, what is -2212021 - 11010?
-10000101
In base 16, what is -5e5e + 0?
-5e5e
In base 10, what is -6 + 16956?
16950
In base 4, what is 11211022 + 22?
11211110
In base 10, what is 278268 - -21?
278289
In base 7, what is -5326526 + -4?
-5326533
In base 11, what is 34934 - 68?
34877
In base 2, what is -1000 - 1111001001100000011?
-1111001001100001011
In base 15, what is -12c8 + -c0?
-1398
In base 9, what is 2270 + 6?
2276
In base 12, what is -12b76 + 9a?
-12a98
In base 8, what is 1016651 - -5?
1016656
In base 8, what is -2066 + -1162?
-3250
In base 7, what is -1 + -2026365?
-2026366
In base 8, what is 1 - -40550?
40551
In base 14, what is 6a - -3c9?
455
In base 8, what is -25 - -621072?
621045
In base 11, what is 123a1a - 3?
123a17
In base 10, what is -4 - 11534?
-11538
In base 10, what is 10 + -3620?
-3610
In base 9, what is -2758 - 14?
-2773
In base 14, what is -1 + cb14?
cb13
In base 16, what is 1b17 - 3c?
1adb
In base 9, what is -350 - 888?
-1348
In base 9, what is -6651 + 1?
-6650
In base 16, what is 1064 - -2b?
108f
In base 13, what is -92 + -2c5?
-387
In base 5, what is -1000144 + -4?
-1000203
In base 4, what is 3130 - -1313?
11103
In base 6, what is 1 - -3054041?
3054042
In base 2, what is -101110 - -10110001100?
10101011110
In base 5, what is 10 - -121004?
121014
In base 16, what is 1 - 5b83?
-5b82
In base 4, what is 133201313 + 133?
133202112
In base 5, what is -323434014 - 2?
-323434021
In base 10, what is -1 - 23003?
-23004
In base 3, what is -2101212121 + -112?
-2101220010
In base 12, what is 5212 - 6?
5208
In base 14, what is 0 + 6099?
6099
In base 6, what is 1 - -104131?
104132
In base 4, what is -130321 + -103?
-131030
In base 8, what is 30443 - 7?
30434
In base 3, what is 21110 - -12201121?
20000001
In base 10, what is -2998 - -33?
-2965
In base 4, what is 1102321 + -310?
1102011
In base 5, what is 11 - 133203?
-133142
In base 7, what is -44262 + -604?
-45166
In base 16, what is 31a5fd + 2?
31a5ff
In base 7, what is 2 + -1001426?
-1001424
In base 2, what is 101101100001 - 1111110?
101011100011
In base 15, what is 30e - -e3?
402
In base 8, what is 136 - -3031?
3167
In base 6, what is 2023330 - 10?
2023320
In base 11, what is 5 + -427252?
-427248
In base 10, what is 22665 - -1?
22666
In base 13, what is -3653a + 2c?
-3650b
In base 7, what is -36501202 + 2?
-36501200
In base 8, what is -17 + 315224?
315205
In base 11, what is 1a1815 - -1?
1a1816
In base 8, what is 66 - -50?
136
In base 16, what is b5d - 3?
b5a
In base 14, what is 1910 + -5?
1909
In base 12, what is -359 + -50?
-3a9
In base 14, what is 6b + -240?
-1b3
In base 7, what is 1212 - -1261?
2503
In base 4, what is 20 - 101211003?
-101210323
In base 9, what is -15 + -1136?
-1152
In base 7, what is 220 + 52?
302
In base 15, what is 1 + -5836?
-5835
In base 7, what is -6553421 - -4?
-6553414
In base 14, what is 5 - cc40?
-cc39
In base 14, what is 3d07 - -3?
3d0a
In base 2, what is -101 + -11110010111001011?
-11110010111010000
In base 6, what is -1131102 - -12?
-1131050
In base 13, what is -257 - 22c3?
-254a
In base 8, what is -5 - 7117?
-7124
In base 3, what is -220102212 - -1010?
-220101202
In base 16, what is -54c + 6?
-546
In base 8, what is -117 + -635?
-754
In base 8, what is 10504 - -150?
10654
In base 13, what is 131743 - -8?
13174b
In base 15, what is 2 + -1673bc?
-1673ba
In base 3, what is -1000212 + -2012?
-1010001
In base 3, what is 12200021 + 1?
12200022
In base 12, what is -45170 - -6?
-45166
In base 13, what is 7 + 188c?
1896
In base 16, what is 268 + -52?
216
In base 15, what is 29 - 2196?
-216c
In base 12, what is -2 - -19b47?
19b45
In base 4, what is -303 - 32003?
-32312
In base 14, what is 57 + 2bb?
334
In base 9, what is -7 - 24525?
-24533
In base 11, what is 318 - 22a4?
-1a87
In base 4, what is -11032 - 2030211?
-2101303
In base 3, what is 10 + 101202011001?
101202011011
In base 8, what is -6 - 234702?
-234710
In base 2, what is 110001 - -111100011110111?
111100100101000
In base 11, what is -18124 - 5?
-18129
In base 5, what is 104 - 343301?
-343142
In base 3, what is -2211 + 100012?
20101
In base 15, what is 10a - -773?
87d
In base 15, what is c - 1d13?
-1d06
In base 7, what is 15 - 12666?
-12651
In base 11, what is -286987 - -2?
-286985
In base 5, what is 21410 - -10300?
32210
In base 6, what is 43 - 43432?
-43345
In base 10, what is 3 - -36390?
36393
In base 15, what is 4 + 9813?
9817
In base 9, what is -1807 - 2?
-1810
In base 11, what is 222a - 8?
2222
In base 16, what is -1f + dd?
be
In base 14, what is 2362 - -17?
2379
In base 10, what is -27662 - 11?
-27673
In base 3, what is -222 - -110211200?
110210201
In base 13, what is 84 - -2346?
23ca
In base 8, what is 3 + 1424?
1427
In base 16, what is 74784 - 3?
74781
In base 11, what is 1388 - -1?
1389
In base 14, what is -2a534 - -c?
-2a526
In base 14, what is -5 - -1d826?
1d821
In base 7, what is -30 - -20131?
20101
In base 13, what is -3285 + -36?
-32bb
In base 8, what is 5 + -1727146?
-1727141
In base 15, what is 5 - 1cd9?
-1cd4
In base 11, what is 56 - -778?
823
In base 13, what is -13 - -1bb9?
1ba6
In base 16, what is -34 + -2a05?
-2a39
In base 15, what is 2a - 712?
-6d7
In base 3, what is 1210 + -21000200?
-20221220
In base 10, what is -1451 + -669?
-2120
In base 11, what is 491 - -90?
571
In base 14, what is 6b82b - 1?
6b82a
In base 13, what is 5 - -7b4c?
7b54
In base 7, what is 201 + 104245?
104446
In base 16, what is 138c + 80?
140c
In base 16, what is 364c - 4d?
35ff
In base 8, what is 400 + -563?
-163
In base 3, what is -221122 + 2122?
-212000
In base 15, what is a79 - 92?
9d7
In base 15, what is -1 + -19185?
-19186
In base 4, what is -1 + 23101013?
23101012
In base 15, what is b - -375d?
3769
In base 2, what is 100 - -10101100101101111001?
10101100101101111101
In base 11, what is 293093 - 5?
293089
In base 2, what is -1 - -10010101101011?
10010101101010
In base 16, what is -2ea88 + 4?
-2ea84
In base 5, what is 34 - 110304?
-110220
In base 9, what is 2834 + 162?
3106
In base 13, what is 36 - -6765?
679b
In base 13, what is 147228 - 2?
147226
In base 2, what is 11110100010001 + 101?
11110100010110
In base 16, what is 1ad + b14?
cc1
In base 7, what is 33 - 12152?
-12116
In base 9, what is 23 + -2520?
-2486
In base 5, what is 412334 - 11?
412323
In base 16, what is 85e0 + -3e?
85a2
In base 12, what is -965 - -37?
-92a
In base 5, what is -124 + 423030?
422401
In base 3, what is 102220 + 1122211?
2002201
In base 4, what is -11012220 + 3?
-11012211
In base 5, what is 424234 + 4?
424243
In base 9, what is -148 - 37636?
-37785
In base 9, what is 0 - 1015?
-1015
In base 12, what is -303 + 21?
-2a2
In base 7, what is 125 + -6141?
-6013
In base 2, what is 1001110110 - 1000100?
1000110010
In base 13, what is 5 - 2308?
-2303
In base 6, what is 53405302 + 0?
53405302
In base 14, what is -1